{"id":178,"date":"2023-04-11T16:56:10","date_gmt":"2023-04-11T14:56:10","guid":{"rendered":"https:\/\/www.emmamartins-portfolio.fr\/?page_id=178"},"modified":"2025-10-08T19:23:53","modified_gmt":"2025-10-08T17:23:53","slug":"mes-sites-web","status":"publish","type":"page","link":"https:\/\/www.emmamartins-portfolio.fr\/index.php\/mes-sites-web\/","title":{"rendered":"Mes sites web \ud83d\udcbb"},"content":{"rendered":"\t\t<div data-elementor-type=\"wp-page\" data-elementor-id=\"178\" class=\"elementor elementor-178\">\n\t\t\t\t\t\t<section class=\"elementor-section elementor-top-section elementor-element elementor-element-75dc0e1 elementor-section-boxed elementor-section-height-default elementor-section-height-default\" data-id=\"75dc0e1\" data-element_type=\"section\">\n\t\t\t\t\t\t<div class=\"elementor-container elementor-column-gap-default\">\n\t\t\t\t\t<div class=\"elementor-column elementor-col-100 elementor-top-column elementor-element elementor-element-70dd7e1\" data-id=\"70dd7e1\" data-element_type=\"column\">\n\t\t\t<div class=\"elementor-widget-wrap elementor-element-populated\">\n\t\t\t\t\t\t<div class=\"elementor-element elementor-element-e605e9c elementor-widget elementor-widget-spacer\" data-id=\"e605e9c\" data-element_type=\"widget\" data-widget_type=\"spacer.default\">\n\t\t\t\t<div class=\"elementor-widget-container\">\n\t\t\t\t\t\t\t<div class=\"elementor-spacer\">\n\t\t\t<div class=\"elementor-spacer-inner\"><\/div>\n\t\t<\/div>\n\t\t\t\t\t\t<\/div>\n\t\t\t\t<\/div>\n\t\t\t\t<div class=\"elementor-element elementor-element-9dcaf21 elementor-widget elementor-widget-image\" data-id=\"9dcaf21\" data-element_type=\"widget\" data-widget_type=\"image.default\">\n\t\t\t\t<div class=\"elementor-widget-container\">\n\t\t\t\t\t\t\t\t\t\t\t\t\t\t\t<img loading=\"lazy\" decoding=\"async\" width=\"1024\" height=\"496\" src=\"https:\/\/www.emmamartins-portfolio.fr\/wp-content\/uploads\/2023\/04\/ss-1-1024x496.png\" class=\"attachment-large size-large wp-image-232\" alt=\"\" srcset=\"https:\/\/www.emmamartins-portfolio.fr\/wp-content\/uploads\/2023\/04\/ss-1-1024x496.png 1024w, https:\/\/www.emmamartins-portfolio.fr\/wp-content\/uploads\/2023\/04\/ss-1-300x145.png 300w, https:\/\/www.emmamartins-portfolio.fr\/wp-content\/uploads\/2023\/04\/ss-1-768x372.png 768w, https:\/\/www.emmamartins-portfolio.fr\/wp-content\/uploads\/2023\/04\/ss-1-1536x745.png 1536w, https:\/\/www.emmamartins-portfolio.fr\/wp-content\/uploads\/2023\/04\/ss-1.png 1636w\" sizes=\"auto, (max-width: 1024px) 100vw, 1024px\" \/>\t\t\t\t\t\t\t\t\t\t\t\t\t\t\t<\/div>\n\t\t\t\t<\/div>\n\t\t\t\t<div class=\"elementor-element elementor-element-aac009a elementor-widget elementor-widget-text-editor\" data-id=\"aac009a\" data-element_type=\"widget\" data-widget_type=\"text-editor.default\">\n\t\t\t\t<div class=\"elementor-widget-container\">\n\t\t\t\t\t\t\t\t\t<p>Le site internet que vous visualisez actuellement a \u00e9t\u00e9 cr\u00e9\u00e9 de A \u00e0 Z avec l&#8217;excellent CMS WordPress que je sais utiliser.<\/p>\t\t\t\t\t\t\t\t<\/div>\n\t\t\t\t<\/div>\n\t\t\t\t\t<\/div>\n\t\t<\/div>\n\t\t\t\t\t<\/div>\n\t\t<\/section>\n\t\t\t\t<section class=\"elementor-section elementor-top-section elementor-element elementor-element-a4509df elementor-section-boxed elementor-section-height-default elementor-section-height-default\" data-id=\"a4509df\" data-element_type=\"section\">\n\t\t\t\t\t\t<div class=\"elementor-container elementor-column-gap-default\">\n\t\t\t\t\t<div class=\"elementor-column elementor-col-100 elementor-top-column elementor-element elementor-element-74b8d38\" data-id=\"74b8d38\" data-element_type=\"column\">\n\t\t\t<div class=\"elementor-widget-wrap elementor-element-populated\">\n\t\t\t\t\t\t<div class=\"elementor-element elementor-element-3b3e78a elementor-widget elementor-widget-image\" data-id=\"3b3e78a\" data-element_type=\"widget\" data-widget_type=\"image.default\">\n\t\t\t\t<div class=\"elementor-widget-container\">\n\t\t\t\t\t\t\t\t\t\t\t\t\t\t\t<img loading=\"lazy\" decoding=\"async\" width=\"1024\" height=\"439\" src=\"https:\/\/www.emmamartins-portfolio.fr\/wp-content\/uploads\/2025\/10\/Capture-decran-2025-10-08-192256-1024x439.png\" class=\"attachment-large size-large wp-image-831\" alt=\"\" srcset=\"https:\/\/www.emmamartins-portfolio.fr\/wp-content\/uploads\/2025\/10\/Capture-decran-2025-10-08-192256-1024x439.png 1024w, https:\/\/www.emmamartins-portfolio.fr\/wp-content\/uploads\/2025\/10\/Capture-decran-2025-10-08-192256-300x129.png 300w, https:\/\/www.emmamartins-portfolio.fr\/wp-content\/uploads\/2025\/10\/Capture-decran-2025-10-08-192256-768x329.png 768w, https:\/\/www.emmamartins-portfolio.fr\/wp-content\/uploads\/2025\/10\/Capture-decran-2025-10-08-192256-1536x658.png 1536w, https:\/\/www.emmamartins-portfolio.fr\/wp-content\/uploads\/2025\/10\/Capture-decran-2025-10-08-192256.png 1841w\" sizes=\"auto, (max-width: 1024px) 100vw, 1024px\" \/>\t\t\t\t\t\t\t\t\t\t\t\t\t\t\t<\/div>\n\t\t\t\t<\/div>\n\t\t\t\t<div class=\"elementor-element elementor-element-37b827e elementor-widget elementor-widget-text-editor\" data-id=\"37b827e\" data-element_type=\"widget\" data-widget_type=\"text-editor.default\">\n\t\t\t\t<div class=\"elementor-widget-container\">\n\t\t\t\t\t\t\t\t\t<p>Ce site n\u2019a pas \u00e9t\u00e9 directement cr\u00e9\u00e9 par moi, mais dans le cadre de mon stage \u00e0 La Cordo, j\u2019ai \u00e9t\u00e9 charg\u00e9e de projet pour le site pr\u00e9sentant le r\u00e9seau Miz\u2019Ampli, en lien avec le prestataire web Kyxar.<strong> J\u2019y ai r\u00e9dig\u00e9 l\u2019int\u00e9gralit\u00e9 du contenu, allant des textes de pr\u00e9sentation \u00e0 la r\u00e9daction d\u2019articles.<\/strong><\/p>\t\t\t\t\t\t\t\t<\/div>\n\t\t\t\t<\/div>\n\t\t\t\t<div class=\"elementor-element elementor-element-4841824 elementor-align-center elementor-widget elementor-widget-button\" data-id=\"4841824\" data-element_type=\"widget\" data-widget_type=\"button.default\">\n\t\t\t\t<div class=\"elementor-widget-container\">\n\t\t\t\t\t\t\t\t\t<div class=\"elementor-button-wrapper\">\n\t\t\t\t\t<a class=\"elementor-button elementor-button-link elementor-size-md\" href=\"https:\/\/www.mizampli.fr\/\">\n\t\t\t\t\t\t<span class=\"elementor-button-content-wrapper\">\n\t\t\t\t\t\t\t\t\t<span class=\"elementor-button-text\">Y acc\u00e8der<\/span>\n\t\t\t\t\t<\/span>\n\t\t\t\t\t<\/a>\n\t\t\t\t<\/div>\n\t\t\t\t\t\t\t\t<\/div>\n\t\t\t\t<\/div>\n\t\t\t\t\t<\/div>\n\t\t<\/div>\n\t\t\t\t\t<\/div>\n\t\t<\/section>\n\t\t\t\t<section class=\"elementor-section elementor-top-section elementor-element elementor-element-ffb26c3 elementor-section-boxed elementor-section-height-default elementor-section-height-default\" data-id=\"ffb26c3\" data-element_type=\"section\">\n\t\t\t\t\t\t<div class=\"elementor-container elementor-column-gap-default\">\n\t\t\t\t\t<div class=\"elementor-column elementor-col-100 elementor-top-column elementor-element elementor-element-ef0094b\" data-id=\"ef0094b\" data-element_type=\"column\">\n\t\t\t<div class=\"elementor-widget-wrap elementor-element-populated\">\n\t\t\t\t\t\t<div class=\"elementor-element elementor-element-cc64efb elementor-widget elementor-widget-image\" data-id=\"cc64efb\" data-element_type=\"widget\" data-widget_type=\"image.default\">\n\t\t\t\t<div class=\"elementor-widget-container\">\n\t\t\t\t\t\t\t\t\t\t\t\t\t\t\t<img loading=\"lazy\" decoding=\"async\" width=\"1024\" height=\"490\" src=\"https:\/\/www.emmamartins-portfolio.fr\/wp-content\/uploads\/2023\/04\/Sans-titre521-1024x490.png\" class=\"attachment-large size-large wp-image-223\" alt=\"\" srcset=\"https:\/\/www.emmamartins-portfolio.fr\/wp-content\/uploads\/2023\/04\/Sans-titre521-1024x490.png 1024w, https:\/\/www.emmamartins-portfolio.fr\/wp-content\/uploads\/2023\/04\/Sans-titre521-300x143.png 300w, https:\/\/www.emmamartins-portfolio.fr\/wp-content\/uploads\/2023\/04\/Sans-titre521-768x367.png 768w, https:\/\/www.emmamartins-portfolio.fr\/wp-content\/uploads\/2023\/04\/Sans-titre521-1536x735.png 1536w, https:\/\/www.emmamartins-portfolio.fr\/wp-content\/uploads\/2023\/04\/Sans-titre521.png 1823w\" sizes=\"auto, (max-width: 1024px) 100vw, 1024px\" \/>\t\t\t\t\t\t\t\t\t\t\t\t\t\t\t<\/div>\n\t\t\t\t<\/div>\n\t\t\t\t<div class=\"elementor-element elementor-element-c1574fc elementor-widget elementor-widget-text-editor\" data-id=\"c1574fc\" data-element_type=\"widget\" data-widget_type=\"text-editor.default\">\n\t\t\t\t<div class=\"elementor-widget-container\">\n\t\t\t\t\t\t\t\t\t<p>En DUT MMI, nous avons r\u00e9alis\u00e9 ce site internet durant la semaine du Web. Il comprend du code HTML, CSS et PHP, ainsi que l&#8217;utilisation d&#8217;une base de donn\u00e9es PHP.<\/p>\t\t\t\t\t\t\t\t<\/div>\n\t\t\t\t<\/div>\n\t\t\t\t<div class=\"elementor-element elementor-element-1be2002 elementor-align-center elementor-widget elementor-widget-button\" data-id=\"1be2002\" data-element_type=\"widget\" data-widget_type=\"button.default\">\n\t\t\t\t<div class=\"elementor-widget-container\">\n\t\t\t\t\t\t\t\t\t<div class=\"elementor-button-wrapper\">\n\t\t\t\t\t<a class=\"elementor-button elementor-button-link elementor-size-md\" href=\"http:\/\/shawaracominflu.tp.iut-lepuy.fr\/\">\n\t\t\t\t\t\t<span class=\"elementor-button-content-wrapper\">\n\t\t\t\t\t\t\t\t\t<span class=\"elementor-button-text\">Y acc\u00e8der<\/span>\n\t\t\t\t\t<\/span>\n\t\t\t\t\t<\/a>\n\t\t\t\t<\/div>\n\t\t\t\t\t\t\t\t<\/div>\n\t\t\t\t<\/div>\n\t\t\t\t\t<\/div>\n\t\t<\/div>\n\t\t\t\t\t<\/div>\n\t\t<\/section>\n\t\t\t\t<section class=\"elementor-section elementor-top-section elementor-element elementor-element-ef4e21e elementor-section-boxed elementor-section-height-default elementor-section-height-default\" data-id=\"ef4e21e\" data-element_type=\"section\">\n\t\t\t\t\t\t<div class=\"elementor-container elementor-column-gap-default\">\n\t\t\t\t\t<div class=\"elementor-column elementor-col-100 elementor-top-column elementor-element elementor-element-c531ab7\" data-id=\"c531ab7\" data-element_type=\"column\">\n\t\t\t<div class=\"elementor-widget-wrap elementor-element-populated\">\n\t\t\t\t\t\t<div class=\"elementor-element elementor-element-2a85b31 elementor-widget elementor-widget-image\" data-id=\"2a85b31\" data-element_type=\"widget\" data-widget_type=\"image.default\">\n\t\t\t\t<div class=\"elementor-widget-container\">\n\t\t\t\t\t\t\t\t\t\t\t\t\t\t\t<img loading=\"lazy\" decoding=\"async\" width=\"1024\" height=\"439\" src=\"https:\/\/www.emmamartins-portfolio.fr\/wp-content\/uploads\/2023\/04\/rrrrrr-1-1024x439.png\" class=\"attachment-large size-large wp-image-225\" alt=\"\" srcset=\"https:\/\/www.emmamartins-portfolio.fr\/wp-content\/uploads\/2023\/04\/rrrrrr-1-1024x439.png 1024w, https:\/\/www.emmamartins-portfolio.fr\/wp-content\/uploads\/2023\/04\/rrrrrr-1-300x129.png 300w, https:\/\/www.emmamartins-portfolio.fr\/wp-content\/uploads\/2023\/04\/rrrrrr-1-768x329.png 768w, https:\/\/www.emmamartins-portfolio.fr\/wp-content\/uploads\/2023\/04\/rrrrrr-1-1536x658.png 1536w, https:\/\/www.emmamartins-portfolio.fr\/wp-content\/uploads\/2023\/04\/rrrrrr-1.png 1881w\" sizes=\"auto, (max-width: 1024px) 100vw, 1024px\" \/>\t\t\t\t\t\t\t\t\t\t\t\t\t\t\t<\/div>\n\t\t\t\t<\/div>\n\t\t\t\t<div class=\"elementor-element elementor-element-0c1161c elementor-widget elementor-widget-text-editor\" data-id=\"0c1161c\" data-element_type=\"widget\" data-widget_type=\"text-editor.default\">\n\t\t\t\t<div class=\"elementor-widget-container\">\n\t\t\t\t\t\t\t\t\t<p>En DUT MMI, J&#8217;ai r\u00e9alis\u00e9 ce site, il comprend du code HTML, CSS ainsi que l&#8217;utilisation d&#8217;une base de donn\u00e9es PHP pour l&#8217;inscription et le login.<\/p>\t\t\t\t\t\t\t\t<\/div>\n\t\t\t\t<\/div>\n\t\t\t\t<div class=\"elementor-element elementor-element-ebd1a62 elementor-align-center elementor-widget elementor-widget-button\" data-id=\"ebd1a62\" data-element_type=\"widget\" data-widget_type=\"button.default\">\n\t\t\t\t<div class=\"elementor-widget-container\">\n\t\t\t\t\t\t\t\t\t<div class=\"elementor-button-wrapper\">\n\t\t\t\t\t<a class=\"elementor-button elementor-button-link elementor-size-md\" href=\"http:\/\/eventful.mmi-lepuy.fr\/\">\n\t\t\t\t\t\t<span class=\"elementor-button-content-wrapper\">\n\t\t\t\t\t\t\t\t\t<span class=\"elementor-button-text\">Y acc\u00e8der<\/span>\n\t\t\t\t\t<\/span>\n\t\t\t\t\t<\/a>\n\t\t\t\t<\/div>\n\t\t\t\t\t\t\t\t<\/div>\n\t\t\t\t<\/div>\n\t\t\t\t\t<\/div>\n\t\t<\/div>\n\t\t\t\t\t<\/div>\n\t\t<\/section>\n\t\t\t\t<section class=\"elementor-section elementor-top-section elementor-element elementor-element-18a6ca4 elementor-section-boxed elementor-section-height-default elementor-section-height-default\" data-id=\"18a6ca4\" data-element_type=\"section\">\n\t\t\t\t\t\t<div class=\"elementor-container elementor-column-gap-default\">\n\t\t\t\t\t<div class=\"elementor-column elementor-col-100 elementor-top-column elementor-element elementor-element-05c1305\" data-id=\"05c1305\" data-element_type=\"column\">\n\t\t\t<div class=\"elementor-widget-wrap elementor-element-populated\">\n\t\t\t\t\t\t<div class=\"elementor-element elementor-element-6a2827c elementor-widget elementor-widget-image\" data-id=\"6a2827c\" data-element_type=\"widget\" data-widget_type=\"image.default\">\n\t\t\t\t<div class=\"elementor-widget-container\">\n\t\t\t\t\t\t\t\t\t\t\t\t\t\t\t<img loading=\"lazy\" decoding=\"async\" width=\"1024\" height=\"456\" src=\"https:\/\/www.emmamartins-portfolio.fr\/wp-content\/uploads\/2023\/04\/ddddd-1024x456.png\" class=\"attachment-large size-large wp-image-226\" alt=\"\" srcset=\"https:\/\/www.emmamartins-portfolio.fr\/wp-content\/uploads\/2023\/04\/ddddd-1024x456.png 1024w, https:\/\/www.emmamartins-portfolio.fr\/wp-content\/uploads\/2023\/04\/ddddd-300x134.png 300w, https:\/\/www.emmamartins-portfolio.fr\/wp-content\/uploads\/2023\/04\/ddddd-768x342.png 768w, https:\/\/www.emmamartins-portfolio.fr\/wp-content\/uploads\/2023\/04\/ddddd-1536x684.png 1536w, https:\/\/www.emmamartins-portfolio.fr\/wp-content\/uploads\/2023\/04\/ddddd.png 1877w\" sizes=\"auto, (max-width: 1024px) 100vw, 1024px\" \/>\t\t\t\t\t\t\t\t\t\t\t\t\t\t\t<\/div>\n\t\t\t\t<\/div>\n\t\t\t\t<div class=\"elementor-element elementor-element-a52a142 elementor-widget elementor-widget-text-editor\" data-id=\"a52a142\" data-element_type=\"widget\" data-widget_type=\"text-editor.default\">\n\t\t\t\t<div class=\"elementor-widget-container\">\n\t\t\t\t\t\t\t\t\t<p><span style=\"color: #0c34a4; font-family: 'Share Tech', sans-serif; font-size: 21px; letter-spacing: -0.21px; text-align: center;\">Premier site r\u00e9alis\u00e9 dans le cadre du DUT MMI, utilisation de html et css.<\/span><\/p>\t\t\t\t\t\t\t\t<\/div>\n\t\t\t\t<\/div>\n\t\t\t\t<div class=\"elementor-element elementor-element-2e64622 elementor-align-center elementor-widget elementor-widget-button\" data-id=\"2e64622\" data-element_type=\"widget\" data-widget_type=\"button.default\">\n\t\t\t\t<div class=\"elementor-widget-container\">\n\t\t\t\t\t\t\t\t\t<div class=\"elementor-button-wrapper\">\n\t\t\t\t\t<a class=\"elementor-button elementor-button-link elementor-size-md\" href=\"http:\/\/coinmusiquemma2.mmi-lepuy.fr\/\">\n\t\t\t\t\t\t<span class=\"elementor-button-content-wrapper\">\n\t\t\t\t\t\t\t\t\t<span class=\"elementor-button-text\">Y acc\u00e8der<\/span>\n\t\t\t\t\t<\/span>\n\t\t\t\t\t<\/a>\n\t\t\t\t<\/div>\n\t\t\t\t\t\t\t\t<\/div>\n\t\t\t\t<\/div>\n\t\t\t\t\t<\/div>\n\t\t<\/div>\n\t\t\t\t\t<\/div>\n\t\t<\/section>\n\t\t\t\t<section class=\"elementor-section elementor-top-section elementor-element elementor-element-6f9f21c elementor-section-boxed elementor-section-height-default elementor-section-height-default\" data-id=\"6f9f21c\" data-element_type=\"section\">\n\t\t\t\t\t\t<div class=\"elementor-container elementor-column-gap-default\">\n\t\t\t\t\t<div class=\"elementor-column elementor-col-100 elementor-top-column elementor-element elementor-element-6887e19\" data-id=\"6887e19\" data-element_type=\"column\">\n\t\t\t<div class=\"elementor-widget-wrap elementor-element-populated\">\n\t\t\t\t\t\t<div class=\"elementor-element elementor-element-44b449c elementor-align-center elementor-widget elementor-widget-button\" data-id=\"44b449c\" data-element_type=\"widget\" data-widget_type=\"button.default\">\n\t\t\t\t<div class=\"elementor-widget-container\">\n\t\t\t\t\t\t\t\t\t<div class=\"elementor-button-wrapper\">\n\t\t\t\t\t<a class=\"elementor-button elementor-button-link elementor-size-lg\" href=\"https:\/\/www.emmamartins-portfolio.fr\/index.php\/contact\/\">\n\t\t\t\t\t\t<span class=\"elementor-button-content-wrapper\">\n\t\t\t\t\t\t\t\t\t<span class=\"elementor-button-text\">Finaliser la visite !<\/span>\n\t\t\t\t\t<\/span>\n\t\t\t\t\t<\/a>\n\t\t\t\t<\/div>\n\t\t\t\t\t\t\t\t<\/div>\n\t\t\t\t<\/div>\n\t\t\t\t\t<\/div>\n\t\t<\/div>\n\t\t\t\t\t<\/div>\n\t\t<\/section>\n\t\t\t\t<\/div>\n\t\t","protected":false},"excerpt":{"rendered":"<p>Le site internet que vous visualisez actuellement a \u00e9t\u00e9 cr\u00e9\u00e9 de A \u00e0 Z avec l&#8217;excellent CMS WordPress que je sais utiliser. Ce site n\u2019a pas \u00e9t\u00e9 directement cr\u00e9\u00e9 par moi, mais dans le cadre de mon stage \u00e0 La Cordo, j\u2019ai \u00e9t\u00e9 charg\u00e9e de projet pour le site pr\u00e9sentant le r\u00e9seau Miz\u2019Ampli, en lien [&hellip;]<\/p>\n","protected":false},"author":1,"featured_media":0,"parent":0,"menu_order":0,"comment_status":"closed","ping_status":"closed","template":"","meta":{"footnotes":""},"class_list":["post-178","page","type-page","status-publish","hentry"],"_links":{"self":[{"href":"https:\/\/www.emmamartins-portfolio.fr\/index.php\/wp-json\/wp\/v2\/pages\/178","targetHints":{"allow":["GET"]}}],"collection":[{"href":"https:\/\/www.emmamartins-portfolio.fr\/index.php\/wp-json\/wp\/v2\/pages"}],"about":[{"href":"https:\/\/www.emmamartins-portfolio.fr\/index.php\/wp-json\/wp\/v2\/types\/page"}],"author":[{"embeddable":true,"href":"https:\/\/www.emmamartins-portfolio.fr\/index.php\/wp-json\/wp\/v2\/users\/1"}],"replies":[{"embeddable":true,"href":"https:\/\/www.emmamartins-portfolio.fr\/index.php\/wp-json\/wp\/v2\/comments?post=178"}],"version-history":[{"count":35,"href":"https:\/\/www.emmamartins-portfolio.fr\/index.php\/wp-json\/wp\/v2\/pages\/178\/revisions"}],"predecessor-version":[{"id":834,"href":"https:\/\/www.emmamartins-portfolio.fr\/index.php\/wp-json\/wp\/v2\/pages\/178\/revisions\/834"}],"wp:attachment":[{"href":"https:\/\/www.emmamartins-portfolio.fr\/index.php\/wp-json\/wp\/v2\/media?parent=178"}],"curies":[{"name":"wp","href":"https:\/\/api.w.org\/{rel}","templated":true}]}}